{"id":130,"date":"2019-02-10T13:43:18","date_gmt":"2019-02-10T12:43:18","guid":{"rendered":"http:\/\/blueocean-consult.com\/?page_id=130"},"modified":"2019-02-10T14:57:17","modified_gmt":"2019-02-10T13:57:17","slug":"coach-peter-beeck","status":"publish","type":"page","link":"https:\/\/blueocean-consult.com\/index.php\/coach-peter-beeck\/","title":{"rendered":"Coach Peter Beeck"},"content":{"rendered":"\t\t<div data-elementor-type=\"wp-post\" data-elementor-id=\"130\" class=\"elementor elementor-130 elementor-bc-flex-widget\">\n\t\t\t\t\t\t<section class=\"elementor-section elementor-top-section elementor-element elementor-element-37b36d2c elementor-section-height-min-height elementor-section-boxed elementor-section-height-default elementor-section-items-middle\" data-id=\"37b36d2c\" data-element_type=\"section\" data-settings=\"{&quot;background_background&quot;:&quot;classic&quot;,&quot;shape_divider_bottom&quot;:&quot;arrow&quot;,&quot;shape_divider_bottom_negative&quot;:&quot;yes&quot;}\">\n\t\t\t\t\t\t\t<div class=\"elementor-background-overlay\"><\/div>\n\t\t\t\t\t\t<div class=\"elementor-shape elementor-shape-bottom\" data-negative=\"true\">\n\t\t\t<svg xmlns=\"http:\/\/www.w3.org\/2000\/svg\" viewBox=\"0 0 700 10\" preserveAspectRatio=\"none\">\n\t<path class=\"elementor-shape-fill\" d=\"M360 0L350 9.9 340 0 0 0 0 10 700 10 700 0\"\/>\n<\/svg>\t\t<\/div>\n\t\t\t\t\t<div class=\"elementor-container elementor-column-gap-default\">\n\t\t\t\t\t<div class=\"elementor-column elementor-col-100 elementor-top-column elementor-element elementor-element-e885d1b\" data-id=\"e885d1b\" data-element_type=\"column\">\n\t\t\t<div class=\"elementor-widget-wrap\">\n\t\t\t\t\t\t\t<\/div>\n\t\t<\/div>\n\t\t\t\t\t<\/div>\n\t\t<\/section>\n\t\t\t\t<section class=\"elementor-section elementor-top-section elementor-element elementor-element-cd8d9da elementor-section-content-middle elementor-section-boxed elementor-section-height-default elementor-section-height-default\" data-id=\"cd8d9da\" data-element_type=\"section\" data-settings=\"{&quot;background_background&quot;:&quot;classic&quot;}\">\n\t\t\t\t\t\t<div class=\"elementor-container elementor-column-gap-default\">\n\t\t\t\t\t<div class=\"elementor-column elementor-col-50 elementor-top-column elementor-element elementor-element-66303ca0\" data-id=\"66303ca0\" data-element_type=\"column\">\n\t\t\t<div class=\"elementor-widget-wrap elementor-element-populated\">\n\t\t\t\t\t\t<div class=\"elementor-element elementor-element-580cab77 elementor-widget elementor-widget-heading\" data-id=\"580cab77\" data-element_type=\"widget\" data-widget_type=\"heading.default\">\n\t\t\t\t<div class=\"elementor-widget-container\">\n\t\t\t<h3 class=\"elementor-heading-title elementor-size-default\">Finanz- und Vertriebsprofi \nSpeaker - Coach Peter Beeck<\/h3>\t\t<\/div>\n\t\t\t\t<\/div>\n\t\t\t\t\t<\/div>\n\t\t<\/div>\n\t\t\t\t<div class=\"elementor-column elementor-col-50 elementor-top-column elementor-element elementor-element-1c957578\" data-id=\"1c957578\" data-element_type=\"column\">\n\t\t\t<div class=\"elementor-widget-wrap elementor-element-populated\">\n\t\t\t\t\t\t<div class=\"elementor-element elementor-element-3aa2f2cc elementor-align-right elementor-mobile-align-center elementor-widget elementor-widget-button\" data-id=\"3aa2f2cc\" data-element_type=\"widget\" data-widget_type=\"button.default\">\n\t\t\t\t<div class=\"elementor-widget-container\">\n\t\t\t\t\t<div class=\"elementor-button-wrapper\">\n\t\t\t<a class=\"elementor-button elementor-button-link elementor-size-lg\" href=\"https:\/\/blueocean-consult.com\/index.php\/kontakt\/\">\n\t\t\t\t\t\t<span class=\"elementor-button-content-wrapper\">\n\t\t\t\t\t\t<span class=\"elementor-button-icon\">\n\t\t\t\t\t\t\t\t\t<i class=\"fa fa-angle-double-right\" aria-hidden=\"true\"><\/i>\n\t\t\t\t\t\t\t<\/span>\n\t\t\t\t\t\t\t\t\t<span class=\"elementor-button-text\">Termin vereinbaren<\/span>\n\t\t\t\t\t<\/span>\n\t\t\t\t\t<\/a>\n\t\t<\/div>\n\t\t\t\t<\/div>\n\t\t\t\t<\/div>\n\t\t\t\t\t<\/div>\n\t\t<\/div>\n\t\t\t\t\t<\/div>\n\t\t<\/section>\n\t\t\t\t<section class=\"elementor-section elementor-top-section elementor-element elementor-element-70e030db elementor-section-content-middle elementor-reverse-mobile elementor-section-boxed elementor-section-height-default elementor-section-height-default\" data-id=\"70e030db\" data-element_type=\"section\">\n\t\t\t\t\t\t<div class=\"elementor-container elementor-column-gap-default\">\n\t\t\t\t\t<div class=\"elementor-column elementor-col-50 elementor-top-column elementor-element elementor-element-6d7707a7\" data-id=\"6d7707a7\" data-element_type=\"column\">\n\t\t\t<div class=\"elementor-widget-wrap elementor-element-populated\">\n\t\t\t\t\t\t<div class=\"elementor-element elementor-element-5916b63c elementor-widget elementor-widget-heading\" data-id=\"5916b63c\" data-element_type=\"widget\" data-widget_type=\"heading.default\">\n\t\t\t\t<div class=\"elementor-widget-container\">\n\t\t\t<h3 class=\"elementor-heading-title elementor-size-default\">Ihr Motivator und Kundensprinter<\/h3>\t\t<\/div>\n\t\t\t\t<\/div>\n\t\t\t\t<div class=\"elementor-element elementor-element-6aad6746 elementor-widget elementor-widget-text-editor\" data-id=\"6aad6746\" data-element_type=\"widget\" data-widget_type=\"text-editor.default\">\n\t\t\t\t<div class=\"elementor-widget-container\">\n\t\t\t\t\t\t\t<p>Business &amp; Vertrieb<\/p><p>Erfolg &amp; Effizienz-Coaching f\u00fcr mittelst\u00e4ndige Unternehmen die Mehrumsatz &amp; Kundenzuwachs sch\u00e4tzen\u2026<\/p>\t\t\t\t\t\t<\/div>\n\t\t\t\t<\/div>\n\t\t\t\t<div class=\"elementor-element elementor-element-a47cf34 elementor-align-left elementor-mobile-align-center elementor-widget elementor-widget-button\" data-id=\"a47cf34\" data-element_type=\"widget\" data-widget_type=\"button.default\">\n\t\t\t\t<div class=\"elementor-widget-container\">\n\t\t\t\t\t<div class=\"elementor-button-wrapper\">\n\t\t\t<a class=\"elementor-button elementor-button-link elementor-size-md\" href=\"https:\/\/blueocean-consult.com\/index.php\/kontakt\/\">\n\t\t\t\t\t\t<span class=\"elementor-button-content-wrapper\">\n\t\t\t\t\t\t<span class=\"elementor-button-icon\">\n\t\t\t\t\t\t\t\t\t<i class=\"fa fa-angle-double-right\" aria-hidden=\"true\"><\/i>\n\t\t\t\t\t\t\t<\/span>\n\t\t\t\t\t\t\t\t\t<span class=\"elementor-button-text\">Termin vereinbaren<\/span>\n\t\t\t\t\t<\/span>\n\t\t\t\t\t<\/a>\n\t\t<\/div>\n\t\t\t\t<\/div>\n\t\t\t\t<\/div>\n\t\t\t\t\t<\/div>\n\t\t<\/div>\n\t\t\t\t<div class=\"elementor-column elementor-col-50 elementor-top-column elementor-element elementor-element-766572e3\" data-id=\"766572e3\" data-element_type=\"column\">\n\t\t\t<div class=\"elementor-widget-wrap elementor-element-populated\">\n\t\t\t\t\t\t<div class=\"elementor-element elementor-element-70e48f68 elementor-widget elementor-widget-image\" data-id=\"70e48f68\" data-element_type=\"widget\" data-widget_type=\"image.default\">\n\t\t\t\t<div class=\"elementor-widget-container\">\n\t\t\t\t\t\t\t\t\t\t\t\t\t<img fetchpriority=\"high\" decoding=\"async\" width=\"400\" height=\"415\" src=\"https:\/\/blueocean-consult.com\/wp-content\/uploads\/2019\/02\/Peter-Beeck-Coach-400.jpg\" class=\"attachment-full size-full wp-image-139\" alt=\"\" srcset=\"https:\/\/blueocean-consult.com\/wp-content\/uploads\/2019\/02\/Peter-Beeck-Coach-400.jpg 400w, https:\/\/blueocean-consult.com\/wp-content\/uploads\/2019\/02\/Peter-Beeck-Coach-400-289x300.jpg 289w\" sizes=\"(max-width: 400px) 100vw, 400px\" \/>\t\t\t\t\t\t\t\t\t\t\t\t\t<\/div>\n\t\t\t\t<\/div>\n\t\t\t\t\t<\/div>\n\t\t<\/div>\n\t\t\t\t\t<\/div>\n\t\t<\/section>\n\t\t\t\t<section class=\"elementor-section elementor-top-section elementor-element elementor-element-615f978f elementor-section-content-middle elementor-section-boxed elementor-section-height-default elementor-section-height-default\" data-id=\"615f978f\" data-element_type=\"section\">\n\t\t\t\t\t\t<div class=\"elementor-container elementor-column-gap-default\">\n\t\t\t\t\t<div class=\"elementor-column elementor-col-100 elementor-top-column elementor-element elementor-element-172a9ae\" data-id=\"172a9ae\" data-element_type=\"column\">\n\t\t\t<div class=\"elementor-widget-wrap elementor-element-populated\">\n\t\t\t\t\t\t<div class=\"elementor-element elementor-element-5b287631 elementor-widget elementor-widget-heading\" data-id=\"5b287631\" data-element_type=\"widget\" data-widget_type=\"heading.default\">\n\t\t\t\t<div class=\"elementor-widget-container\">\n\t\t\t<h3 class=\"elementor-heading-title elementor-size-default\">Peter Beeck bringt Menschen & Vertrieb ins Handeln.<\/h3>\t\t<\/div>\n\t\t\t\t<\/div>\n\t\t\t\t<div class=\"elementor-element elementor-element-435d3cd3 elementor-widget elementor-widget-text-editor\" data-id=\"435d3cd3\" data-element_type=\"widget\" data-widget_type=\"text-editor.default\">\n\t\t\t\t<div class=\"elementor-widget-container\">\n\t\t\t\t\t\t\t<p>Wir sollten lieben, was wir tun, dann haben wir auch Erfolg. Dieser Leitspruch gilt f\u00fcr Selbstst\u00e4ndige, Unternehmer, F\u00fchrungskr\u00e4fte \u00a0&amp; Privatpersonen gleicherma\u00dfen.<\/p><p>Jeder, der Peter Beeck im Workshop oder Seminar gegen\u00fcbersteht wird merken, er brennt f\u00fcr seine Arbeit und \u00fcbertr\u00e4gt Kompetenz wie Feuer auch auf seine Klienten.\u00a0<\/p><p>Lassen Sie sich von Zeit zu Zeit inspirieren &amp; sich in Brand stecken. Nutzen Sie dieses Feuer, die Energie f\u00fcr Ihren Erfolgsofen. Nicht alles f\u00e4llt uns von allein in den Scho\u00df und f\u00fcr manche hilfreiche<\/p><p>wie n\u00fctzliche Sichtweise werden wir so schnell betriebsblind.<\/p><p>Er fand durch seinen Weg in den Bankenvertrieb einer Genossenschaftsbank in Deutschland in den Vertrieb.<\/p><p>Eine f\u00fchrende Krankenversicherung in Deutschland durfte er in bis zu 2 Bundesl\u00e4ndern mit 50 Filialen und 200 Mitarbeitern in der Spitze in den Top Score f\u00fcr Krankenversicherung bringen.<\/p><p>Sp\u00e4ter folgte der Aufbau einer eigenen Makleragentur mit 1.600 Kunden und in Folge einem eigenen Edelmetallhandel\u00a0 in Hamburg.<\/p><p>Das Edelmetallwissen f\u00fchrte dann in den weiteren physikalische\u00a0 Vertriebsaufbau eines Online Edelmetallhandel, der noch 30 Partner \u201eVor-Ort\u201c\u00a0 in den gr\u00f6\u00dferen St\u00e4dten ben\u00f6tigte.<\/p><p>Peter Beecks heutige Profession ist das Analysieren von Vertriebsprozessen, das Blockadel\u00f6sen und foccussieren auf die<\/p><p>Key Success Faktoren im Vertrieb &amp; am \u201ePoint of Sale\u201c<\/p>\t\t\t\t\t\t<\/div>\n\t\t\t\t<\/div>\n\t\t\t\t<div class=\"elementor-element elementor-element-34f96c55 elementor-align-left elementor-mobile-align-center elementor-widget elementor-widget-button\" data-id=\"34f96c55\" data-element_type=\"widget\" data-widget_type=\"button.default\">\n\t\t\t\t<div class=\"elementor-widget-container\">\n\t\t\t\t\t<div class=\"elementor-button-wrapper\">\n\t\t\t<a class=\"elementor-button elementor-button-link elementor-size-md\" href=\"https:\/\/blueocean-consult.com\/index.php\/kontakt\/\">\n\t\t\t\t\t\t<span class=\"elementor-button-content-wrapper\">\n\t\t\t\t\t\t<span class=\"elementor-button-icon\">\n\t\t\t\t\t\t\t\t\t<i class=\"fa fa-angle-double-right\" aria-hidden=\"true\"><\/i>\n\t\t\t\t\t\t\t<\/span>\n\t\t\t\t\t\t\t\t\t<span class=\"elementor-button-text\">Mehr erfahren<\/span>\n\t\t\t\t\t<\/span>\n\t\t\t\t\t<\/a>\n\t\t<\/div>\n\t\t\t\t<\/div>\n\t\t\t\t<\/div>\n\t\t\t\t\t<\/div>\n\t\t<\/div>\n\t\t\t\t\t<\/div>\n\t\t<\/section>\n\t\t\t\t<section class=\"elementor-section elementor-top-section elementor-element elementor-element-168c1c33 elementor-section-content-middle elementor-reverse-mobile elementor-section-boxed elementor-section-height-default elementor-section-height-default\" data-id=\"168c1c33\" data-element_type=\"section\">\n\t\t\t\t\t\t<div class=\"elementor-container elementor-column-gap-default\">\n\t\t\t\t\t<div class=\"elementor-column elementor-col-100 elementor-top-column elementor-element elementor-element-7d1e434f\" data-id=\"7d1e434f\" data-element_type=\"column\">\n\t\t\t<div class=\"elementor-widget-wrap elementor-element-populated\">\n\t\t\t\t\t\t<div class=\"elementor-element elementor-element-220ab58e elementor-widget elementor-widget-heading\" data-id=\"220ab58e\" data-element_type=\"widget\" data-widget_type=\"heading.default\">\n\t\t\t\t<div class=\"elementor-widget-container\">\n\t\t\t<h3 class=\"elementor-heading-title elementor-size-default\">Meine Philosophie<\/h3>\t\t<\/div>\n\t\t\t\t<\/div>\n\t\t\t\t<div class=\"elementor-element elementor-element-5148c61a elementor-widget elementor-widget-text-editor\" data-id=\"5148c61a\" data-element_type=\"widget\" data-widget_type=\"text-editor.default\">\n\t\t\t\t<div class=\"elementor-widget-container\">\n\t\t\t\t\t\t\t<p><strong>MIT EINEM SCHLAG IST ALLES ANDERS<\/strong><\/p><p>Klarheit Kompetenz Konsistenz<\/p><p>Ins Handeln kommen \u2013 \u00a0 Unsere Kompetenz f\u00fchrt zu Ihrem Wissenstransfer.<\/p><p>Wir sind Ihr verst\u00e4ndnisvoller Berater &amp; Wissensmanager &amp; Wissensvermittler.<\/p><p>Nachgewiesen &amp; zertifiziert mit jahrzehntelanger Vertriebspraxis.<\/p><p>Wir kennen die Details, die Key-Success Faktoren im Au\u00dfendienst &amp; Vertrieb.<\/p><p>Mensch- Vertrieb-Marketing \u00a0&#8211; Ansprache Strategien &amp; Umsetzungskompetenz.<\/p><p>Die Beratungsfelder haben alle Know-How und basieren auf unserer Erfahrung.<\/p><p>Nutzen Sie unsere bew\u00e4hrten &amp; vielschichtigen Erfolgs &amp; Vertriebsans\u00e4tze \u00a0auch f\u00fcr Ihr erfolgreiches Business. Nachmachen ist einfacher als es zu erlernen.<\/p><p>Ziel in unserer Beratungsphilosophie ist es unserem Klienten\u2026<\/p><p>schnell \u00a0und mit Tiefenwirkung \u00a0selbst die Lage zu versetzen, SOFORT eigene L\u00f6sungswege zu gehen.<\/p><p>Diese sind f\u00fcr Ihn von uns bereits vorbereitet und als Mindmap &amp; Checkliste sofort Griffbereit und zur Umsetzung einsetzbar.<\/p><p><u>F\u00fcr qualifizierten Wissenstransfer nehmen Sie gern uns \u2013 nicht das Internet <\/u><\/p><p>Mehrwert | Nachhaltigkeit | Alleinstellungsmerkmale im Orga &amp; Vertrieb<\/p>\t\t\t\t\t\t<\/div>\n\t\t\t\t<\/div>\n\t\t\t\t<div class=\"elementor-element elementor-element-52accc19 elementor-align-left elementor-mobile-align-center elementor-widget elementor-widget-button\" data-id=\"52accc19\" data-element_type=\"widget\" data-widget_type=\"button.default\">\n\t\t\t\t<div class=\"elementor-widget-container\">\n\t\t\t\t\t<div class=\"elementor-button-wrapper\">\n\t\t\t<a class=\"elementor-button elementor-button-link elementor-size-md\" href=\"https:\/\/blueocean-consult.com\/index.php\/kontakt\/\">\n\t\t\t\t\t\t<span class=\"elementor-button-content-wrapper\">\n\t\t\t\t\t\t<span class=\"elementor-button-icon\">\n\t\t\t\t\t\t\t\t\t<i class=\"fa fa-angle-double-right\" aria-hidden=\"true\"><\/i>\n\t\t\t\t\t\t\t<\/span>\n\t\t\t\t\t\t\t\t\t<span class=\"elementor-button-text\">Termin vereinbaren<\/span>\n\t\t\t\t\t<\/span>\n\t\t\t\t\t<\/a>\n\t\t<\/div>\n\t\t\t\t<\/div>\n\t\t\t\t<\/div>\n\t\t\t\t\t<\/div>\n\t\t<\/div>\n\t\t\t\t\t<\/div>\n\t\t<\/section>\n\t\t\t\t<section class=\"elementor-section elementor-top-section elementor-element elementor-element-1f6f4f67 elementor-section-content-middle elementor-section-boxed elementor-section-height-default elementor-section-height-default\" data-id=\"1f6f4f67\" data-element_type=\"section\" data-settings=\"{&quot;background_background&quot;:&quot;classic&quot;}\">\n\t\t\t\t\t\t<div class=\"elementor-container elementor-column-gap-default\">\n\t\t\t\t\t<div class=\"elementor-column elementor-col-50 elementor-top-column elementor-element elementor-element-1296758d\" data-id=\"1296758d\" data-element_type=\"column\">\n\t\t\t<div class=\"elementor-widget-wrap elementor-element-populated\">\n\t\t\t\t\t\t<div class=\"elementor-element elementor-element-981efc3 elementor-widget elementor-widget-heading\" data-id=\"981efc3\" data-element_type=\"widget\" data-widget_type=\"heading.default\">\n\t\t\t\t<div class=\"elementor-widget-container\">\n\t\t\t<h3 class=\"elementor-heading-title elementor-size-default\">Sichern Sie sich Ihr Coaching<\/h3>\t\t<\/div>\n\t\t\t\t<\/div>\n\t\t\t\t\t<\/div>\n\t\t<\/div>\n\t\t\t\t<div class=\"elementor-column elementor-col-50 elementor-top-column elementor-element elementor-element-2617653c\" data-id=\"2617653c\" data-element_type=\"column\">\n\t\t\t<div class=\"elementor-widget-wrap elementor-element-populated\">\n\t\t\t\t\t\t<div class=\"elementor-element elementor-element-583c06e1 elementor-align-right elementor-mobile-align-center elementor-widget elementor-widget-button\" data-id=\"583c06e1\" data-element_type=\"widget\" data-widget_type=\"button.default\">\n\t\t\t\t<div class=\"elementor-widget-container\">\n\t\t\t\t\t<div class=\"elementor-button-wrapper\">\n\t\t\t<a class=\"elementor-button elementor-button-link elementor-size-lg\" href=\"https:\/\/blueocean-consult.com\/index.php\/kontakt\/\">\n\t\t\t\t\t\t<span class=\"elementor-button-content-wrapper\">\n\t\t\t\t\t\t<span class=\"elementor-button-icon\">\n\t\t\t\t\t\t\t\t\t<i class=\"fa fa-angle-double-right\" aria-hidden=\"true\"><\/i>\n\t\t\t\t\t\t\t<\/span>\n\t\t\t\t\t\t\t\t\t<span class=\"elementor-button-text\">Hier buchen<\/span>\n\t\t\t\t\t<\/span>\n\t\t\t\t\t<\/a>\n\t\t<\/div>\n\t\t\t\t<\/div>\n\t\t\t\t<\/div>\n\t\t\t\t\t<\/div>\n\t\t<\/div>\n\t\t\t\t\t<\/div>\n\t\t<\/section>\n\t\t\t\t<\/div>\n\t\t","protected":false},"excerpt":{"rendered":"<p>Finanz- und Vertriebsprofi Speaker &#8211; Coach Peter Beeck Termin vereinbaren Ihr Motivator und Kundensprinter Business &amp; Vertrieb Erfolg &amp; Effizienz-Coaching f\u00fcr mittelst\u00e4ndige Unternehmen die Mehrumsatz &amp; Kundenzuwachs sch\u00e4tzen\u2026 Termin vereinbaren Peter Beeck bringt Menschen &#038; Vertrieb ins Handeln. Wir sollten lieben, was wir tun, dann haben wir auch Erfolg. Dieser Leitspruch gilt f\u00fcr Selbstst\u00e4ndige, Unternehmer, [&hellip;]<\/p>\n","protected":false},"author":1,"featured_media":0,"parent":0,"menu_order":0,"comment_status":"closed","ping_status":"closed","template":"","meta":[],"_links":{"self":[{"href":"https:\/\/blueocean-consult.com\/index.php\/wp-json\/wp\/v2\/pages\/130"}],"collection":[{"href":"https:\/\/blueocean-consult.com\/index.php\/wp-json\/wp\/v2\/pages"}],"about":[{"href":"https:\/\/blueocean-consult.com\/index.php\/wp-json\/wp\/v2\/types\/page"}],"author":[{"embeddable":true,"href":"https:\/\/blueocean-consult.com\/index.php\/wp-json\/wp\/v2\/users\/1"}],"replies":[{"embeddable":true,"href":"https:\/\/blueocean-consult.com\/index.php\/wp-json\/wp\/v2\/comments?post=130"}],"version-history":[{"count":20,"href":"https:\/\/blueocean-consult.com\/index.php\/wp-json\/wp\/v2\/pages\/130\/revisions"}],"predecessor-version":[{"id":165,"href":"https:\/\/blueocean-consult.com\/index.php\/wp-json\/wp\/v2\/pages\/130\/revisions\/165"}],"wp:attachment":[{"href":"https:\/\/blueocean-consult.com\/index.php\/wp-json\/wp\/v2\/media?parent=130"}],"curies":[{"name":"wp","href":"https:\/\/api.w.org\/{rel}","templated":true}]}}