{"id":3,"date":"2018-11-22T18:54:05","date_gmt":"2018-11-22T17:54:05","guid":{"rendered":"http:\/\/blueocean-consult.com\/?page_id=3"},"modified":"2018-12-02T14:19:24","modified_gmt":"2018-12-02T13:19:24","slug":"datenschutzerklaerung","status":"publish","type":"page","link":"https:\/\/blueocean-consult.com\/index.php\/datenschutzerklaerung\/","title":{"rendered":"Datenschutzerkl\u00e4rung"},"content":{"rendered":"<h1>Informationen nach Artikel 13, 14 und 21 Datenschutz-Grundverordnung<\/h1>\n<p>&nbsp;<\/p>\n<p><strong>Inhaltsverzeichnis<\/strong><\/p>\n<p><strong>\u00a0<\/strong><strong>Personenbezogenen Daten <\/strong><\/p>\n<p><strong>Kontaktformular<\/strong><\/p>\n<p><strong>Auskunftsrechte<\/strong><\/p>\n<p><strong>Recht auf L\u00f6schung &amp; Berichtigung, Einschr\u00e4nkung der Verarbeitung\u00a0 &amp; Daten\u00fcbertragbarkeit<\/strong><\/p>\n<p><strong>Einsatz von Cookies und Technologien zur Webanalyse<\/strong><\/p>\n<p><strong>Sicherheit<\/strong><\/p>\n<p><strong>Externe Links<\/strong><\/p>\n<p><strong>Auskunfteien<\/strong><\/p>\n<p><strong>Social Media<\/strong><\/p>\n<p><strong>Anfragen zum Datenschutz<\/strong><\/p>\n<p><strong>\u00a0<\/strong><\/p>\n<p><strong>Personenbezogenen Daten <\/strong><\/p>\n<p>Die <strong>Blue Ocean Coach &amp; Consult Ltd<\/strong>.\u00a0 Verarbeitet Ihre\u00a0 personenbezogene Daten ausschlie\u00dflich auf Grundlage der Datenschutz-Grundverordnung (DS-GVO) GDPR bzw. des neuen Bundesdatenschutzgesetzes (BDSG).<\/p>\n<p>Personenbezogene Daten sind z. B. der Name, die Adresse, Telefonnr, Geburtsdatum und andere f\u00fcr die Abwicklung der Gesch\u00e4ftsbeziehung erforderliche Daten.<\/p>\n<p>Der Nutzer ist berechtigt, besondere personenbezogene Daten gem\u00e4\u00df Art. 9 Abs. 1 DS-GVO wie Angaben \u00fcber die ethnische Herkunft und Nationalit\u00e4t, die politische Meinungen, eine religi\u00f6se oder philosophische \u00dcberzeugungen, Gewerkschaftszugeh\u00f6rigkeit, Gesundheit oder Sexualleben, auf den uns einzureichenden Unterlagen (Stammdatenblatt) unkenntlich zu machen.<\/p>\n<p>Das Verarbeiten von Daten umfasst jeden ein automatisiertes Verfahren oder ausgef\u00fchrten Vorgang oder jede solche Vorgange , die im Zusammenhang mit personenbezogenen Daten wie das Erheben, das Erfassen, die Organisation, das Ordnen, die Speicherung, die Anpassung oder Ver\u00e4nderung, das Auslesen, das Abfragen, die Verwendung, die Offenlegung durch \u00dcbermittlung, Verbreitung oder eine andere Form der Bereitstellung, den Abgleich oder die Verkn\u00fcpfung, die Einschr\u00e4nkung, das L\u00f6schen oder die Vernichtung von personenbezogenen Daten<\/p>\n<p>Die <strong>Blue Ocean Coach &amp; Consult Ltd<\/strong>\u00a0 beschr\u00e4nkt die weitere Verarbeitung Ihrer personenbezogener Daten auf ein Minimum, das notwendig ist zur Anbahnung oder zur Abwicklung der Gesch\u00e4ftsbeziehung \/ des Coaching oder zur Durchf\u00fchrung der vom Nutzer gew\u00fcnschten Dienstleistung.<\/p>\n<p><strong>\u00a0<\/strong><strong>Blue Ocean Coach &amp; Consult Ltd<\/strong> verarbeitet personenbezogene Daten dar\u00fcber hinaus nur im Falle eines datenschutzrechtlichen Erlaubnistatbestandes, einer gesetzlichen Verpflichtung oder auf Grundlage einer ausdr\u00fccklichen Einwilligung des Auftraggebers<\/p>\n<p>Weitere Darstellungen zum Umgang mit Ihren personenbezogenen Daten<\/p>\n<p>gibt es auch in den\u00a0 Informationen nach Art. 13, 14 und 21 DS-GVO.<\/p>\n<p><strong>Kontaktformular<\/strong><\/p>\n<p>Wird uns Ihre Anfrage \u00fcber unser Kontaktformular zugesandt wird, verarbeitet <strong>Blue Ocean Coach &amp; Consult Ltd<\/strong> die dort eingetragenen Kontaktdaten, mitgeteilten Informationen und die in den angeh\u00e4ngten Dateien enthaltenen personenbezogenen Daten zum Zwecke der Bearbeitung Ihrer Anfrage.<\/p>\n<p>Die Verarbeitung erfolgt zur Wahrung der berechtigten Interessen der <strong>Blue Ocean Coach &amp; Consult Ltd<\/strong>\u00a0 Bezug\u00a0 (Art. 6 Abs. 1 f ) DS-GVO), um dem Webseitenbesucher eine weitere M\u00f6glichkeit der sicheren Kontaktaufnahme, der verschl\u00fcsselten Daten\u00fcbertragung und damit einen weiteren Service zu bieten. Ihre Daten werden nur solange gespeichert, wie Sie f\u00fcr die Zweckerf\u00fcllung z.B. Coaching \/ Dienstleistungserbringung erforderlich und Risiko &amp; Haftungsrelevant im Rahmen der gesetzlichen Vorhalte &amp; Aufbewahrungspflichten sind.<\/p>\n<p><strong>Auskunftsrechte<\/strong><\/p>\n<p><strong>Blue Ocean Coach &amp; Consult Ltd<\/strong> wird dem Nutzer, sofern dieser betroffene Person im Sinne der DS-GVO ist, auf Verlangen Auskunft gem\u00e4\u00df Art. 15 DS-GVO \u00fcber die zu seiner Person gespeicherten Daten erteilen. Die Auskunft kann auf Verlangen des Nutzers auch elektronisch (unverschl\u00fcsselt) erteilt werden.<\/p>\n<p>Beim Auskunftsrecht gelten die Einschr\u00e4nkungen nach \u00a7 34 BDSG.<\/p>\n<p>Weitere Informationen dazu : Informationen nach Art. 13, 14 und 21 DS-GVO.<\/p>\n<p><strong>Recht auf L\u00f6schung &amp; Berichtigung, Einschr\u00e4nkung der Verarbeitung\u00a0 &amp; Daten\u00fcbertragbarkeit<\/strong><\/p>\n<p>Jeder Nutzer (die betroffene Person) hat ein\u00a0 :<\/p>\n<p>Recht auf Berichtigung (Art. 16 DSGVO)<\/p>\n<p>das Recht auf L\u00f6schung (Art. 17 DSGVO)<\/p>\n<p>Recht auf Einschr\u00e4nkung der Verarbeitung (Art. 18 DSGVO)<\/p>\n<p>sowie das Recht auf Daten\u00fcbertragbarkeit (Art. 20 DS-GVO)<\/p>\n<p>Beim L\u00f6schungsrecht gelten Einschr\u00e4nkungen ( \u00a7 35 BDSG)<\/p>\n<p>Dar\u00fcber besteht f\u00fcr Sie Beschwerderecht bei einer Datenschutzaufsichtsbeh\u00f6rde<\/p>\n<p>(Art. 77 DS-GVO i.V.m. \u00a7 19 BDSG).<\/p>\n<p>Weitere Informationen ersehen Sie bitte Informationen nach Art. 13, 14 und 21 DS-GVO.<\/p>\n<p><strong>Einsatz von Cookies und Technologien zur Webanalyse<\/strong><\/p>\n<p><strong>Cookies<\/strong><\/p>\n<p>Cookies sind kleine Textdateien, die lokal im Zwischenspeicher Ihres Internetbrowsers gespeichert werden. Wenn der Nutzer nun erneut eine Internetseite besucht, wird sein Browser durch dieses gesetzte Cookie wiedererkannt. In Cookies werden <u>keine<\/u> personenbezogenen Daten des Nutzers gespeichert. Die Speicherung der Cookies kann durch eine entsprechende Einstellung der Browser-Software verhindert werden; es wird jedoch darauf hingewiesen, dass\u00a0 in diesem Fall gegebenenfalls nicht s\u00e4mtliche Funktionen der Webseite vollumf\u00e4nglich werden nutzen k\u00f6nnen.<\/p>\n<p><strong>Blue Ocean Coach &amp; Consult Ltd<\/strong> informiert den Webseitenbenutzer UNAUFGEFORDERT sofort<\/p>\n<p>Beim Erstbesuch der Seite <a href=\"http:\/\/www.blueocean-consult.com\">www.blueocean-consult.com<\/a> \u00fcber die Cookie Richtlinie.<\/p>\n<p>Cookies werden in nachfolgend beschriebenen Tracking &#8211; Verfahren eingesetzt.\u00a0 Sie werden auch f\u00fcr deren Deaktivierung (Opt-out Cookie) verwendet; daf\u00fcr m\u00fcssen \u00fcber die Browsereinstellung Cookies zugelassen werden. Sofern die Browsereinstellung ge\u00e4ndert wird oder vorhandene Cookies gel\u00f6scht werden, werden die Tracking &#8211; Verfahren wieder aufgenommen.<\/p>\n<p><strong>Session Cookie f\u00fcr den Download Mitglieder Bereich<\/strong><\/p>\n<p>Auch bei der Nutzung des Download Bereiches f\u00fcr Mitglieder werden Cookies gesetzt, um den Nutzer f\u00fcr die Dauer seines Besuches zu identifizieren. Diese Cookies werden unmittelbar nach Beendigung der Sitzung gel\u00f6scht.<\/p>\n<p><strong>Webtrekk<\/strong><\/p>\n<p><strong>Blue Ocean Coach &amp; Consult Ltd<\/strong> \u00a0verwendet auf ihren Webseiten eine Technologie zur Analyse des Bewegungs- und Suchverhaltens der Nutzer. Dies erfolgt\u00a0 anonym, und es werden keine personenbezogenen Daten gespeichert.<\/p>\n<p>Ich m\u00f6chte vom Tracking durch Webtrekk ausgeschlossen werden.<\/p>\n<p><strong>Google Analytics<\/strong><\/p>\n<p>Zur Auswertung und Unterst\u00fctzung von Online-Marketing-Ma\u00dfnahmen nutzt die <strong>Blue Ocean Coach &amp; Consult Ltd<\/strong> auch \u00a0Google Analytics, einen Webanalysedienst der Google Inc. (\u201eGoogle\u201c). Google Analytics verwendet ebenfalls Cookies.<\/p>\n<p><strong>Blue Ocean Coach &amp; Consult Ltd<\/strong> hat die von Google angebotene Option der IP-Anonymisierung auf dieser Webseite aktiviert.<\/p>\n<p>Dadurch wird die IP-Adresse grunds\u00e4tzlich noch innerhalb von Mitgliedsstaaten der Europ\u00e4ischen Union oder in anderen Vertragsstaaten des Abkommens \u00fcber den Europ\u00e4ischen Wirtschaftsraum gek\u00fcrzt und eine direkte Personenbeziehbarkeit ausgeschlossen. Nur in technischen Notf\u00e4llen (z. B. Serverausfall in Europa) wird die IP-Adresse an einen Server von Google in den USA \u00fcbertragen und dort gek\u00fcrzt. Die durch den Cookie erzeugten Informationen \u00fcber die Benutzung der Webseite k\u00f6nnen in der Regel an einen Server von Google in den USA \u00fcbertragen und dort gespeichert werden.<\/p>\n<p>Im Auftrag der <strong>Blue Ocean Coach &amp; Consult Ltd<\/strong> wird Google die durch diese Cookies erzeugten Informationen nutzen, um die Nutzung der Webseite anonymisiert auszuwerten, um Reports \u00fcber die Webseitenaktivit\u00e4ten zusammenzustellen und um weitere mit der Webseitennutzung und der Internetnutzung verbundene Dienstleistungen gegen\u00fcber der <strong>Blue Ocean Coach &amp; Consult Ltd<\/strong> \u00a0\u00a0\u00a0\u00a0\u00a0\u00a0zu erbringen. Die im Rahmen von Google Analytics von dem Browser des Nutzers \u00fcbermittelte IP-Adresse wird nicht mit anderen Daten von Google zusammengef\u00fchrt. Die Erfassung und die durch das Cookie erzeugten und auf die Nutzung der Webseite bezogenen Daten (inkl.\u00a0 IP-Adresse) und die \u00dcbermittlung an Google sowie die Verarbeitung dieser Daten durch Google kann verhindert werden, indem das unter dem folgenden Link verf\u00fcgbare Browser-Plugin\u00a0<a href=\"http:\/\/tools.google.com\/dlpage\/gaoptout?hl=de\">herunterladen<\/a>\u00a0und installiert wird.<\/p>\n<p>Die <strong>Blue Ocean Coach &amp; Consult Ltd<\/strong> hat ein berechtigtes Interesse im Sinne von Art. 6 Abs. 1 f) DS-GVO an dem Einsatz von Google Analytics, da sie auf diese Weise eine zielgruppenbezogene Kundenansprache sicherstellen kann. Das ist auch im Interesse des Kunden.<\/p>\n<p><strong>Google AdWords<\/strong><\/p>\n<p>Die <strong>Blue Ocean Coach &amp; Consult Ltd<\/strong> nutzt dar\u00fcber hinaus eine Re-Targeting-Technologie (Wiedererkennung) f\u00fcr interessenbezogene Werbung im Internet. Diese Form von Werbung erfolgt auf Basis von Cookies und ist vollkommen anonym.\u00a0 Die Identifikation mittels Nutzungsprofil durch <strong>Blue Ocean Coach &amp; Consult Ltd<\/strong> ist ausgeschlossen.<\/p>\n<p><strong>Kampagnen &#8211; Management<\/strong><\/p>\n<p>Die <strong>Blue Ocean Coach &amp; Consult Ltd<\/strong> hat f\u00fcr die Kommunikation mit ihren Kundene eine Software auf den <strong>Blue Ocean Coach &amp; Consult Ltd<\/strong> Servern installiert.Sie dient der Anzeige von Meldungen bei der Nutzung des Download und CRM Bereiches und auf der Log-Out-Seite.<\/p>\n<p>Mit Hilfe von dieser Software werden sowohl vom Gesetzgeber vorgeschriebene Pflichtkommunikation als auch Service- und Werbekommunikation ausgespielt.<\/p>\n<p>Das durch Klickverhalten (Anklicken oder Wegklicken) gezeigte Interesse oder Desinteresse an den Inhalten und die daraus gewonnen Daten werden pseudonymisiert.<\/p>\n<p>Der Verarbeitung von Daten zu Werbezwecken kann jederzeit mit Wirkung f\u00fcr die Zukunft widersprochen werden. Unseren gesetzlichen und vertraglichen Informationspflichten kommen wir unabh\u00e4ngig davon weiterhin nach.<\/p>\n<p><strong>Google Maps<\/strong><\/p>\n<p>Die <strong>Blue Ocean Coach &amp; Consult Ltd<\/strong> hat auf ihrer Webseite Google Maps eingebunden,\u00a0 um dem Nutzer des Dienstes \u201eXXXX\u201c die in seiner Umgebung teilnehmenden H\u00e4ndler anzuzeigen und um die Geldautomatensuche \u00fcber die Webseite der DKB AG zu erm\u00f6glichen.<br \/>\nDabei werden vom Nutzer Adressdaten auf Basis von Standortdaten und IP-Adresse ermittelt, wenn diese Funktion im Mobiltelefon bzw. im Browser aktiviert ist. Sofern keine Verarbeitung der Standortdaten erfolgen soll, hat der Nutzer die M\u00f6glichkeit, die Standortermittlung auf seinem mobilen Endger\u00e4t bzw. im Browser zu deaktivieren.<\/p>\n<p>Die Adressdaten werden an Google \u00fcbermittelt und in Geodaten umgewandelt, um die n\u00e4chstgelegenen Partnerfilialen zu identifizieren. Die Adressdaten werden bis zur Erf\u00fcllung des Zwecks der Daten\u00fcbermittlung bei Google Inc., 1600 Amphitheatre Parkway, Mountain View, CA 94043, USA gespeichert und anschlie\u00dfend gel\u00f6scht. Google hat sich auf die Grunds\u00e4tze des EU-US Privacy Shields verpflichtet, sodass die Daten\u00fcbermittlung auf einem Angemessenheitsbeschluss gem. Art. 45 Abs. 1 DSGVO basiert.<\/p>\n<p>Die Daten\u00fcbermittlung erfolgt im berechtigten Interesse der <strong>Blue Ocean Coach &amp; Consult Ltd <\/strong>auf Grundlage von Art. 6 Abs. 1 lit. f DSGVO. Damit wird dem \u00a0dem Nutzer ein Service zur Optimierung der angebotenen Dienste zur Verf\u00fcgung gestellt , wodurch der Nutzer leichter die an \u201eXXXX\u201c teilnehmenden Partner \/ H\u00e4ndler \/ Automationen auffinden kann. Weitere Informationen zum Datenschutz bei Google erhalten Sie\u00a0<a href=\"https:\/\/www.google.com\/intl\/de_de\/help\/terms_maps.html\">hier<\/a>.<\/p>\n<p><strong>Google Maps<\/strong><\/p>\n<p>Die <strong>Blue Ocean Coach &amp; Consult Ltd<\/strong> setzt auf ihren Webseiten einen sog. Chatbot der FinReach GmbH (\u201eFinReach\u201c) ein.<\/p>\n<p>Das Dialogfenster f\u00fcr den Chatbot ist durch einen kleinen Roboter gekennzeichnet und soll Ihnen dabei helfen, Fragen zu den Produkten zu kl\u00e4ren und Informationen schneller zu bekommen. Die Unterhaltung erfolgt automatisiert.<\/p>\n<p>Der Chatbot analysiert die Frage und sucht passende Antworten und Informationen in der Produktdokumentation der <strong>Blue Ocean Coach &amp; Consult Ltd<\/strong>.<\/p>\n<p>Um die Darstellung und die Nutzung des Chatbots optimal f\u00fcr die Nutzer der Webseiten\u00a0 anzupassen, sowie den Service technisch erm\u00f6glichen zu k\u00f6nnen, werden zudem bei der Konversation mit dem Chatbot Angaben \u00fcber das Endger\u00e4t, das Betriebssystem und den verwendeten Browser sowie die IP-Adresse erhoben. Die IP-Adresse wird nach Beendigung der Konversation innerhalb von 24 Stunden anonymisiert. Die Datenverarbeitung erfolgt grunds\u00e4tzlich in zertifizierten Rechenzentren in Europa. Im Rahmen der Analyse der Eingaben und Fragen des Nutzers verwendet FinReach einen Service f\u00fcr die nat\u00fcrliche Spracherkennung. Im Zuge des Dialogs mit dem Chatbot wird <strong>Blue Ocean Coach &amp; Consult Ltd<\/strong> \u00a0keine personenbezogenen Daten erfragen.<\/p>\n<p>Sollten der Nutzer dennoch personenbezogene Daten in dem Dialog angeben, so kann nicht ausgeschlossen werden, dass in diesem Zusammenhang ein Zugriff aus den USA zu Wartungs-t\u00e4tigkeiten erfolgen kann. Daher hat die <strong>Blue Ocean Coach &amp; Consult Ltd<\/strong> \u00a0\u00a0\u00a0\u00a0\u00a0\u00a0angemessene Ma\u00dfnahmen zur vertraglichen Gew\u00e4hrleistung eines gleichwertigen Datenschutzniveaus ergriffen.<\/p>\n<p><strong>Sicherheit<\/strong><\/p>\n<p>Die \u00dcbertragung aller in der Internetpr\u00e4senz der <strong>Blue Ocean Coach &amp; Consult Ltd<\/strong> eingegebenen Daten erfolgt \u00fcber eine SSL-Verschl\u00fcsselung, um diese vor dem Missbrauch durch Dritte zu sch\u00fctzen. Weitere Informationen zum Thema Sicherheit finden Sie\u00a0[hier] LINK einf\u00fcgen<\/p>\n<p><strong>Externe Links<\/strong><\/p>\n<p>Auf unserer Homepage befinden sich Links, die auf die Internetseiten Dritter verweisen. Die hier gegebenen Datenschutzhinweise gelten dort nicht. Der Nutzer wird gebeten, die dort zu findenden Datenschutzhinweise zu lesen.<\/p>\n<p><strong>Auskunfteien<\/strong><\/p>\n<p>Nachfolgende Auskunfteien k\u00f6nnen von der <strong>Blue Ocean Coach &amp; Consult Ltd<\/strong> zu Zwecken der Bonit\u00e4tspr\u00fcfung herangezogen werden: (Kredite \/ Darlehen \/ Dienstleistungen)<\/p>\n<p>SCHUFA Holding AG, infoscore Consumer Data GmbH, Verband der Vereine Creditreform e.V.<\/p>\n<p>Weitere Ausf\u00fchrungen zu den Auskunfteien gibt es auch in den jeweiligen Informationen nach Art. 13, 14 und 21 DS-GVO der\u00a0SCHUFA, der\u00a0infoscore Consumer Data GmbH des\u00a0Verband der Vereine Creditreform e.V.<\/p>\n<p><strong>Social Media<\/strong><\/p>\n<p>Die <strong>Blue Ocean Coach &amp; Consult Ltd<\/strong>\u00a0 betreibt Pr\u00e4senzen auf verschiedenen Social-Media-Plattformen (&#8222;Social-Media-Pr\u00e4senzen&#8220;).<\/p>\n<p>Als Nutzer k\u00f6nnen Sie unsere Social-Media-Pr\u00e4senzen besuchen und sich \u00fcber uns und unsere Produkte informieren sowie unterschiedliche Funktionen nutzen (z.B. Social-Media-Pr\u00e4senzen &#8222;liken&#8220; oder direkt mit uns \u00fcber Nachrichten kommunizieren).<\/p>\n<p>Gegenw\u00e4rtig betreibt die <strong>Blue Ocean Coach &amp; Consult Ltd<\/strong> die folgenden Social-Media-Pr\u00e4senzen:<\/p>\n<p>Facebook Ireland Ltd., 4 Grand Canal Square, Dublin, Irland<\/p>\n<p><a href=\"https:\/\/de-de.facebook.com\/policy.php\">https:\/\/de-de.facebook.com\/policy.php<\/a><\/p>\n<p>Instagram\u00a0\u00a0\u00a0\u00a0\u00a0\u00a0\u00a0\u00a0\u00a0\u00a0\u00a0\u00a0 Facebook Ireland Ltd., 4 Grand Canal Square, Dublin, Irland<a href=\"%0bhttps:\/help.instagram.com\/519522125107875\"><br \/>\nhttps:\/\/help.instagram.com\/519522125107875<\/a><\/p>\n<p>Youtube\u00a0\u00a0\u00a0\u00a0\u00a0\u00a0\u00a0\u00a0\u00a0\u00a0\u00a0\u00a0\u00a0\u00a0\u00a0 YouTube LLC, 901 Cherry Ave. San Bruno, CA 94066, USA<\/p>\n<p><a href=\"https:\/\/policies.google.com\/privacy?hl=de&amp;gl=de\">https:\/\/policies.google.com\/privacy?hl=de&amp;gl=de<\/a><\/p>\n<p>Medium\u00a0\u00a0\u00a0\u00a0\u00a0\u00a0\u00a0\u00a0\u00a0\u00a0\u00a0\u00a0\u00a0\u00a0\u00a0 A Medium Corporation, 799 Market Street, 5th\u00a0Floor San Francisco, CA\u00a094103,USA<\/p>\n<p><a href=\"https:\/\/medium.com\/policy\/medium-privacy-policy-f03bf92035c9\">https:\/\/medium.com\/policy\/medium-privacy-policy-f03bf92035c9<\/a><\/p>\n<p><strong>XING SE<\/strong><strong>,<\/strong> Dammtorstra\u00dfe 30, 20354 Hamburg, Deutschland<a href=\"https:\/\/privacy.xing.com\/de\/datenschutzerklaerung\"><br \/>\nhttps:\/\/privacy.xing.com\/de\/datenschutzerklaerung<\/a><\/p>\n<p>XING SE, Dammtorstra\u00dfe 30, 20354 Hamburg, Deutschland<\/p>\n<p><a href=\"https:\/\/privacy.xing.com\/de\/datenschutzerklaerung\">https:\/\/privacy.xing.com\/de\/datenschutzerklaerung<\/a><\/p>\n<p>&nbsp;<\/p>\n<p><strong>LinkedIn Ireland Unlimited Company,\u00a0<\/strong>Wilton Place, Dublin, Irland<\/p>\n<p><a href=\"https:\/\/www.linkedin.com\/legal\/privacy-policy?_l=de_DE\">https:\/\/www.linkedin.com\/legal\/privacy-policy?_l=de_DE<\/a><\/p>\n<p>&nbsp;<\/p>\n<p>Wenn Sie die Social-Media-Pr\u00e4senzen der <strong>Blue Ocean Coach &amp; Consult Ltd<\/strong> besuchen, finden Sie sich auf der jeweiligen Social-Media-Plattform (siehe dazu \u00dcbersicht). Der jeweilige Anbieter der Social-Media-Plattform ist Verantwortlicher im Sinne von Art. 4 Nr. 7 DS-GVO f\u00fcr den Betrieb des Social-Media-Plattform. Aus der \u00dcbersicht oben ergibt sich, welches Unternehmen Anbieter f\u00fcr welche Social-Media-Plattform ist.<\/p>\n<p>Es kann sein, dass die jeweilige Social-Media-Plattform personenbezogene Daten \u00fcber Sie erhebt und wir auf Grundlage der so erhobenen Daten statistische Auswertungen \u00fcber die Nutzung unserer Social-Media-Pr\u00e4senzen erhalten. F\u00fcr diese Datenerhebung sind wir ggf. zusammen mit dem Betreiber der Social-Media-Plattform &#8222;gemeinsamer Datenverantwortlicher&#8220; im datenschutzrechtlichen Sinne, auch wenn wir Daten nur in statistischer Form erhalten und uns kein R\u00fcckschluss auf Sie als nat\u00fcrliche Person m\u00f6glich ist. Rechtsgrundlage f\u00fcr die Verarbeitung dieser Daten ist in der Regel eine Interessenabw\u00e4gung gem. Art. 6 Abs. 1 lit. f) DS-GVO (unser berechtigtes Interesse ist die bedarfsgerechte Gestaltung unserer Social-Media-Pr\u00e4senz) oder Ihre Einwilligung gem. Art. 6 Abs. 1 lit. a) DS-GVO, die Sie ggf. erteilt haben. Weitere Informationen zur Verarbeitung Ihrer Daten zur Erstellung von statistischen Auswertungen \u00fcber die Nutzung unserer Social-Media-Pr\u00e4senzen finden Sie ggf. in den oben genannten Datenschutzerkl\u00e4rungen der Social-Media-Plattformen.<\/p>\n<p>Auf einigen Social-Media-Plattformen ist eine Kontaktaufnahme \u00fcber bereitgestellte Messenger-Funktionen m\u00f6glich, mittels der die <strong>Blue Ocean Coach &amp; Consult Ltd<\/strong> und Sie Nachrichten austauschen k\u00f6nnen. Wir verarbeiten diese \u00fcber die Messenger-Funktionen erhobenen Daten ausschlie\u00dflich f\u00fcr die Zwecke der Kommunikation mit Ihnen entweder f\u00fcr die Erf\u00fcllung eines Vertrags oder zur Durchf\u00fchrung vorvertraglicher Ma\u00dfnahmen (gem. Art. 6 Abs. 1 lit. b) DS-GVO) oder auf Grundlage einer Interessenabw\u00e4gung gem. Art. 6 Abs. 1 lit. f) DS-GVO f\u00fcr unser legitimes Interesse der Au\u00dfenkommunikation. Nach Beendigung der Kommunikation mit Ihnen und der damit verbundenen Zweckerreichung l\u00f6scht die <strong>Blue Ocean Coach &amp; Consult Ltd<\/strong> diese Daten innerhalb einer angemessenen Frist (soweit die Daten nicht aufgrund einer gesetzlichen Verpflichtung\u00a0 aufbewahrt werden m\u00fcssen).<\/p>\n<p>Die Anbieter der Social-Media-Plattformen erheben und verarbeiten personenbezogene Daten \u00fcber Sie ggf. f\u00fcr weitere Zwecke (z.B. f\u00fcr Marktforschung oder Werbung). Die Anbieter erstellen ggf. aus dem Nutzungsverhalten und daraus abgeleiteten Vorlieben und Interessen der Nutzer Nutzerprofile. Solche Nutzerprofile k\u00f6nnen verwendet werden, um beispielsweise zu vermeintlichen Interessen des jeweiligen Nutzers passende Werbeanzeigen innerhalb des entsprechenden sozialen Netzwerks und auf anderen Online-Angeboten zu schalten. Die gesammelten Daten k\u00f6nnen ggf. bei eingeloggten Mitgliedern der jeweiligen Anbieter mit dem jeweiligen Nutzer-Account zusammengef\u00fchrt werden. Die Anbieter erheben ggf. auch Daten \u00fcber Besucher unserer Social-Media-Pr\u00e4senz, die nicht bei ihrem Profil auf der Social-Media-Pr\u00e4senz eingeloggt sind oder kein entsprechendes Profil haben. Eine Datenverarbeitung durch die Anbieter der Social-Media-Plattformen kann ggf. auch au\u00dferhalb des Europ\u00e4ischen Wirtschaftsraums (EWR) stattfinden.<\/p>\n<p>Die Verarbeitung Ihrer personenbezogenen Daten durch die jeweiligen Anbieter ist uns im Einzelnen nicht bekannt und wir haben hierauf keinen Einfluss. N\u00e4here Informationen finden Sie in den Datenschutzerkl\u00e4rungen der jeweiligen Anbieter. Einen direkten Link zu den Datenschutzerkl\u00e4rungen der jeweiligen Anbieter haben wir in der oben stehenden<\/p>\n<p><strong>Anfragen zum Datenschutz<\/strong><\/p>\n<p><strong>F\u00fcr Anfragen rund um den Datenschutz wenden Sie sich gerne an\u00a0<\/strong><\/p>\n<p><a href=\"mailto:DSGVO@blueocean-consult.com\">DSGVO@blueocean-consult.com<\/a><\/p>\n<p><strong>\u00a0<\/strong><\/p>\n<p>&nbsp;<\/p>\n","protected":false},"excerpt":{"rendered":"<p>Informationen nach Artikel 13, 14 und 21 Datenschutz-Grundverordnung &nbsp; Inhaltsverzeichnis \u00a0Personenbezogenen Daten Kontaktformular Auskunftsrechte Recht auf L\u00f6schung &amp; Berichtigung, Einschr\u00e4nkung der Verarbeitung\u00a0 &amp; Daten\u00fcbertragbarkeit Einsatz von Cookies und Technologien zur Webanalyse Sicherheit Externe Links Auskunfteien Social Media Anfragen zum Datenschutz \u00a0 Personenbezogenen Daten Die Blue Ocean Coach &amp; Consult Ltd.\u00a0 Verarbeitet Ihre\u00a0 personenbezogene Daten ausschlie\u00dflich [&hellip;]<\/p>\n","protected":false},"author":1,"featured_media":0,"parent":0,"menu_order":0,"comment_status":"closed","ping_status":"open","template":"","meta":[],"_links":{"self":[{"href":"https:\/\/blueocean-consult.com\/index.php\/wp-json\/wp\/v2\/pages\/3"}],"collection":[{"href":"https:\/\/blueocean-consult.com\/index.php\/wp-json\/wp\/v2\/pages"}],"about":[{"href":"https:\/\/blueocean-consult.com\/index.php\/wp-json\/wp\/v2\/types\/page"}],"author":[{"embeddable":true,"href":"https:\/\/blueocean-consult.com\/index.php\/wp-json\/wp\/v2\/users\/1"}],"replies":[{"embeddable":true,"href":"https:\/\/blueocean-consult.com\/index.php\/wp-json\/wp\/v2\/comments?post=3"}],"version-history":[{"count":7,"href":"https:\/\/blueocean-consult.com\/index.php\/wp-json\/wp\/v2\/pages\/3\/revisions"}],"predecessor-version":[{"id":64,"href":"https:\/\/blueocean-consult.com\/index.php\/wp-json\/wp\/v2\/pages\/3\/revisions\/64"}],"wp:attachment":[{"href":"https:\/\/blueocean-consult.com\/index.php\/wp-json\/wp\/v2\/media?parent=3"}],"curies":[{"name":"wp","href":"https:\/\/api.w.org\/{rel}","templated":true}]}}